{"id":129,"date":"2025-11-29T10:08:38","date_gmt":"2025-11-29T10:08:38","guid":{"rendered":"https:\/\/epitoiparosok.com\/epip\/?page_id=129"},"modified":"2025-11-29T13:58:01","modified_gmt":"2025-11-29T13:58:01","slug":"allasok","status":"publish","type":"page","link":"https:\/\/epitoiparosok.com\/epip\/allasok\/","title":{"rendered":"\u00c1ll\u00e1sok"},"content":{"rendered":"\n<p>Partnereink \u00e1ltal hirdetett \u00e9p\u00edt\u0151ipari \u00e1ll\u00e1sok itt jelennek majd meg.<\/p>\n\n\n\n<p><\/p>\n\n\n\n<p><\/p>\n\n\n\n<p><\/p>\n\n\n\n<p><\/p>\n","protected":false},"excerpt":{"rendered":"<p>Partnereink \u00e1ltal hirdetett \u00e9p\u00edt\u0151ipari \u00e1ll\u00e1sok itt jelennek majd meg.<\/p>\n","protected":false},"author":1,"featured_media":0,"parent":0,"menu_order":0,"comment_status":"closed","ping_status":"closed","template":"","meta":{"pagelayer_contact_templates":[],"_pagelayer_content":"","_monsterinsights_skip_tracking":false,"_monsterinsights_sitenote_active":false,"_monsterinsights_sitenote_note":"","_monsterinsights_sitenote_category":0,"footnotes":""},"class_list":["post-129","page","type-page","status-publish","hentry"],"yoast_head":"<!-- This site is optimized with the Yoast SEO plugin v26.4 - https:\/\/yoast.com\/wordpress\/plugins\/seo\/ -->\n<title>\u00c1ll\u00e1sok - \u00c9p\u00edt\u0151iparosok<\/title>\n<meta name=\"description\" content=\"\u00c9p\u00edt\u0151ipari \u00e1ll\u00e1sok oldala.\" \/>\n<meta name=\"robots\" content=\"index, follow, max-snippet:-1, max-image-preview:large, max-video-preview:-1\" \/>\n<link rel=\"canonical\" href=\"https:\/\/epitoiparosok.com\/epip\/allasok\/\" \/>\n<meta property=\"og:locale\" content=\"en_US\" \/>\n<meta property=\"og:type\" content=\"article\" \/>\n<meta property=\"og:title\" content=\"\u00c1ll\u00e1sok - \u00c9p\u00edt\u0151iparosok\" \/>\n<meta property=\"og:description\" content=\"\u00c9p\u00edt\u0151ipari \u00e1ll\u00e1sok oldala.\" \/>\n<meta property=\"og:url\" content=\"https:\/\/epitoiparosok.com\/epip\/allasok\/\" \/>\n<meta property=\"og:site_name\" content=\"\u00c9p\u00edt\u0151iparosok\" \/>\n<meta property=\"article:modified_time\" content=\"2025-11-29T13:58:01+00:00\" \/>\n<meta name=\"twitter:card\" content=\"summary_large_image\" \/>\n<meta name=\"twitter:label1\" content=\"Est. reading time\" \/>\n\t<meta name=\"twitter:data1\" content=\"1 minute\" \/>\n<script type=\"application\/ld+json\" class=\"yoast-schema-graph\">{\"@context\":\"https:\/\/schema.org\",\"@graph\":[{\"@type\":\"WebPage\",\"@id\":\"https:\/\/epitoiparosok.com\/epip\/allasok\/\",\"url\":\"https:\/\/epitoiparosok.com\/epip\/allasok\/\",\"name\":\"\u00c1ll\u00e1sok - \u00c9p\u00edt\u0151iparosok\",\"isPartOf\":{\"@id\":\"https:\/\/epitoiparosok.com\/epip\/#website\"},\"datePublished\":\"2025-11-29T10:08:38+00:00\",\"dateModified\":\"2025-11-29T13:58:01+00:00\",\"description\":\"\u00c9p\u00edt\u0151ipari \u00e1ll\u00e1sok oldala.\",\"breadcrumb\":{\"@id\":\"https:\/\/epitoiparosok.com\/epip\/allasok\/#breadcrumb\"},\"inLanguage\":\"en-US\",\"potentialAction\":[{\"@type\":\"ReadAction\",\"target\":[\"https:\/\/epitoiparosok.com\/epip\/allasok\/\"]}]},{\"@type\":\"BreadcrumbList\",\"@id\":\"https:\/\/epitoiparosok.com\/epip\/allasok\/#breadcrumb\",\"itemListElement\":[{\"@type\":\"ListItem\",\"position\":1,\"name\":\"Home\",\"item\":\"https:\/\/epitoiparosok.com\/epip\/\"},{\"@type\":\"ListItem\",\"position\":2,\"name\":\"\u00c1ll\u00e1sok\"}]},{\"@type\":\"WebSite\",\"@id\":\"https:\/\/epitoiparosok.com\/epip\/#website\",\"url\":\"https:\/\/epitoiparosok.com\/epip\/\",\"name\":\"\u00c9p\u00edt\u0151iparosok\",\"description\":\"\",\"potentialAction\":[{\"@type\":\"SearchAction\",\"target\":{\"@type\":\"EntryPoint\",\"urlTemplate\":\"https:\/\/epitoiparosok.com\/epip\/?s={search_term_string}\"},\"query-input\":{\"@type\":\"PropertyValueSpecification\",\"valueRequired\":true,\"valueName\":\"search_term_string\"}}],\"inLanguage\":\"en-US\"}]}<\/script>\n<!-- \/ Yoast SEO plugin. -->","yoast_head_json":{"title":"\u00c1ll\u00e1sok - \u00c9p\u00edt\u0151iparosok","description":"\u00c9p\u00edt\u0151ipari \u00e1ll\u00e1sok oldala.","robots":{"index":"index","follow":"follow","max-snippet":"max-snippet:-1","max-image-preview":"max-image-preview:large","max-video-preview":"max-video-preview:-1"},"canonical":"https:\/\/epitoiparosok.com\/epip\/allasok\/","og_locale":"en_US","og_type":"article","og_title":"\u00c1ll\u00e1sok - \u00c9p\u00edt\u0151iparosok","og_description":"\u00c9p\u00edt\u0151ipari \u00e1ll\u00e1sok oldala.","og_url":"https:\/\/epitoiparosok.com\/epip\/allasok\/","og_site_name":"\u00c9p\u00edt\u0151iparosok","article_modified_time":"2025-11-29T13:58:01+00:00","twitter_card":"summary_large_image","twitter_misc":{"Est. reading time":"1 minute"},"schema":{"@context":"https:\/\/schema.org","@graph":[{"@type":"WebPage","@id":"https:\/\/epitoiparosok.com\/epip\/allasok\/","url":"https:\/\/epitoiparosok.com\/epip\/allasok\/","name":"\u00c1ll\u00e1sok - \u00c9p\u00edt\u0151iparosok","isPartOf":{"@id":"https:\/\/epitoiparosok.com\/epip\/#website"},"datePublished":"2025-11-29T10:08:38+00:00","dateModified":"2025-11-29T13:58:01+00:00","description":"\u00c9p\u00edt\u0151ipari \u00e1ll\u00e1sok oldala.","breadcrumb":{"@id":"https:\/\/epitoiparosok.com\/epip\/allasok\/#breadcrumb"},"inLanguage":"en-US","potentialAction":[{"@type":"ReadAction","target":["https:\/\/epitoiparosok.com\/epip\/allasok\/"]}]},{"@type":"BreadcrumbList","@id":"https:\/\/epitoiparosok.com\/epip\/allasok\/#breadcrumb","itemListElement":[{"@type":"ListItem","position":1,"name":"Home","item":"https:\/\/epitoiparosok.com\/epip\/"},{"@type":"ListItem","position":2,"name":"\u00c1ll\u00e1sok"}]},{"@type":"WebSite","@id":"https:\/\/epitoiparosok.com\/epip\/#website","url":"https:\/\/epitoiparosok.com\/epip\/","name":"\u00c9p\u00edt\u0151iparosok","description":"","potentialAction":[{"@type":"SearchAction","target":{"@type":"EntryPoint","urlTemplate":"https:\/\/epitoiparosok.com\/epip\/?s={search_term_string}"},"query-input":{"@type":"PropertyValueSpecification","valueRequired":true,"valueName":"search_term_string"}}],"inLanguage":"en-US"}]}},"_links":{"self":[{"href":"https:\/\/epitoiparosok.com\/epip\/wp-json\/wp\/v2\/pages\/129","targetHints":{"allow":["GET"]}}],"collection":[{"href":"https:\/\/epitoiparosok.com\/epip\/wp-json\/wp\/v2\/pages"}],"about":[{"href":"https:\/\/epitoiparosok.com\/epip\/wp-json\/wp\/v2\/types\/page"}],"author":[{"embeddable":true,"href":"https:\/\/epitoiparosok.com\/epip\/wp-json\/wp\/v2\/users\/1"}],"replies":[{"embeddable":true,"href":"https:\/\/epitoiparosok.com\/epip\/wp-json\/wp\/v2\/comments?post=129"}],"version-history":[{"count":3,"href":"https:\/\/epitoiparosok.com\/epip\/wp-json\/wp\/v2\/pages\/129\/revisions"}],"predecessor-version":[{"id":160,"href":"https:\/\/epitoiparosok.com\/epip\/wp-json\/wp\/v2\/pages\/129\/revisions\/160"}],"wp:attachment":[{"href":"https:\/\/epitoiparosok.com\/epip\/wp-json\/wp\/v2\/media?parent=129"}],"curies":[{"name":"wp","href":"https:\/\/api.w.org\/{rel}","templated":true}]}}