{"id":142,"date":"2025-11-29T11:30:23","date_gmt":"2025-11-29T11:30:23","guid":{"rendered":"https:\/\/epitoiparosok.com\/epip\/?page_id=142"},"modified":"2025-12-01T09:40:36","modified_gmt":"2025-12-01T09:40:36","slug":"hirdetesi-adatlap","status":"publish","type":"page","link":"https:\/\/epitoiparosok.com\/epip\/hirdetesi-adatlap\/","title":{"rendered":"Hirdet\u00e9si adatlap"},"content":{"rendered":"\n<div class=\"wpcf7 no-js\" id=\"wpcf7-f150-o1\" lang=\"en-US\" dir=\"ltr\" data-wpcf7-id=\"150\">\n<div class=\"screen-reader-response\"><p role=\"status\" aria-live=\"polite\" aria-atomic=\"true\"><\/p> <ul><\/ul><\/div>\n<form action=\"\/epip\/wp-json\/wp\/v2\/pages\/142#wpcf7-f150-o1\" method=\"post\" class=\"wpcf7-form init\" aria-label=\"Contact form\" enctype=\"multipart\/form-data\" novalidate=\"novalidate\" data-status=\"init\">\n<fieldset class=\"hidden-fields-container\"><input type=\"hidden\" name=\"_wpcf7\" value=\"150\" \/><input type=\"hidden\" name=\"_wpcf7_version\" value=\"6.1.3\" \/><input type=\"hidden\" name=\"_wpcf7_locale\" value=\"en_US\" \/><input type=\"hidden\" name=\"_wpcf7_unit_tag\" value=\"wpcf7-f150-o1\" \/><input type=\"hidden\" name=\"_wpcf7_container_post\" value=\"0\" \/><input type=\"hidden\" name=\"_wpcf7_posted_data_hash\" value=\"\" \/>\n<\/fieldset>\n<H2>Megrendel\u0151:\n<\/h2>\n<p><label> C\u00e9gn\u00e9v<br \/>\n<span class=\"wpcf7-form-control-wrap\" data-name=\"cegnev\"><input size=\"40\" maxlength=\"400\" class=\"wpcf7-form-control wpcf7-text wpcf7-validates-as-required\" autocomplete=\"cegnev\" aria-required=\"true\" aria-invalid=\"false\" value=\"\" type=\"text\" name=\"cegnev\" \/><\/span> <\/label>\n<\/p>\n<p><label> K\u00e9pvisel\u0151\/Kapcsolattart\u00f3<br \/>\n<span class=\"wpcf7-form-control-wrap\" data-name=\"kapcsnev\"><input size=\"40\" maxlength=\"400\" class=\"wpcf7-form-control wpcf7-text wpcf7-validates-as-required\" autocomplete=\"kapcsnev\" aria-required=\"true\" aria-invalid=\"false\" value=\"\" type=\"text\" name=\"kapcsnev\" \/><\/span> <\/label>\n<\/p>\n<p><label> Telefon<br \/>\n<span class=\"wpcf7-form-control-wrap\" data-name=\"Telefon\"><input size=\"40\" maxlength=\"400\" class=\"wpcf7-form-control wpcf7-tel wpcf7-validates-as-required wpcf7-text wpcf7-validates-as-tel\" autocomplete=\"tel\" aria-required=\"true\" aria-invalid=\"false\" value=\"\" type=\"tel\" name=\"Telefon\" \/><\/span> <\/label>\n<\/p>\n<p><label> E-mail<br \/>\n<span class=\"wpcf7-form-control-wrap\" data-name=\"E-mail\"><input size=\"40\" maxlength=\"400\" class=\"wpcf7-form-control wpcf7-email wpcf7-validates-as-required wpcf7-text wpcf7-validates-as-email\" autocomplete=\"email\" aria-required=\"true\" aria-invalid=\"false\" value=\"\" type=\"email\" name=\"E-mail\" \/><\/span> <\/label>\n<\/p>\n<p><label> Sz\u00e9khely<br \/>\n<span class=\"wpcf7-form-control-wrap\" data-name=\"Szekhely\"><input size=\"40\" maxlength=\"400\" class=\"wpcf7-form-control wpcf7-text wpcf7-validates-as-required\" aria-required=\"true\" aria-invalid=\"false\" value=\"\" type=\"text\" name=\"Szekhely\" \/><\/span> <\/label>\n<\/p>\n<p><label> Ad\u00f3sz\u00e1m<br \/>\n<span class=\"wpcf7-form-control-wrap\" data-name=\"adoszam\"><input size=\"40\" maxlength=\"400\" class=\"wpcf7-form-control wpcf7-text wpcf7-validates-as-required\" aria-required=\"true\" aria-invalid=\"false\" value=\"\" type=\"text\" name=\"adoszam\" \/><\/span> <\/label>\n<\/p>\n<p><label> \u00dczletk\u00f6t\u0151<br \/>\nK\u00e9rj\u00fck, \u00edrja ide az \u00fczletk\u00f6t\u0151 nev\u00e9t, aki megkereste \u00d6nt.<br \/>\n<span class=\"wpcf7-form-control-wrap\" data-name=\"uzletk\"><input size=\"40\" maxlength=\"400\" class=\"wpcf7-form-control wpcf7-text\" aria-invalid=\"false\" value=\"\" type=\"text\" name=\"uzletk\" \/><\/span> <\/label>\n<\/p>\n<H2>A hirdet\u00e9s adatai:\n<\/h2>\n<p><label> N\u00e9v<br \/>\n<span class=\"wpcf7-form-control-wrap\" data-name=\"hird-nev\"><input size=\"40\" maxlength=\"400\" class=\"wpcf7-form-control wpcf7-text wpcf7-validates-as-required\" aria-required=\"true\" aria-invalid=\"false\" value=\"\" type=\"text\" name=\"hird-nev\" \/><\/span> <\/label>\n<\/p>\n<p><label> Telefon<br \/>\n<span class=\"wpcf7-form-control-wrap\" data-name=\"hird-tel\"><input size=\"40\" maxlength=\"400\" class=\"wpcf7-form-control wpcf7-tel wpcf7-validates-as-required wpcf7-text wpcf7-validates-as-tel\" aria-required=\"true\" aria-invalid=\"false\" value=\"\" type=\"tel\" name=\"hird-tel\" \/><\/span> <\/label>\n<\/p>\n<p><label> E-mail<br \/>\n<span class=\"wpcf7-form-control-wrap\" data-name=\"hird-email\"><input size=\"40\" maxlength=\"400\" class=\"wpcf7-form-control wpcf7-email wpcf7-validates-as-required wpcf7-text wpcf7-validates-as-email\" aria-required=\"true\" aria-invalid=\"false\" value=\"\" type=\"email\" name=\"hird-email\" \/><\/span><\/label>\n<\/p>\n<p><label> Honlap<br \/>\n<span class=\"wpcf7-form-control-wrap\" data-name=\"hird-honl\"><input size=\"40\" maxlength=\"400\" class=\"wpcf7-form-control wpcf7-url wpcf7-text wpcf7-validates-as-url\" aria-invalid=\"false\" value=\"\" type=\"url\" name=\"hird-honl\" \/><\/span> <\/label>\n<\/p>\n<p><label> Facebook:<br \/>\n<span class=\"wpcf7-form-control-wrap\" data-name=\"hird-faceb\"><input size=\"40\" maxlength=\"400\" class=\"wpcf7-form-control wpcf7-url wpcf7-text wpcf7-validates-as-url\" aria-invalid=\"false\" value=\"\" type=\"url\" name=\"hird-faceb\" \/><\/span> <\/label>\n<\/p>\n<p><label> 2. k\u00f6z\u00f6ss\u00e9gi m\u00e9dia<br \/>\n<span class=\"wpcf7-form-control-wrap\" data-name=\"hird-kozmed2\"><input size=\"40\" maxlength=\"400\" class=\"wpcf7-form-control wpcf7-url wpcf7-text wpcf7-validates-as-url\" aria-invalid=\"false\" value=\"\" type=\"url\" name=\"hird-kozmed2\" \/><\/span> <\/label>\n<\/p>\n<p><label> K\u00edv\u00e1nt kateg\u00f3ria<br \/>\n(Pl. k\u0151m\u0171ves, burkol\u00f3, stb. Figyelem! A kateg\u00f3ria kism\u00e9rt\u00e9kben v\u00e1ltozhat.)<br \/>\n<span class=\"wpcf7-form-control-wrap\" data-name=\"hird-kat\"><input size=\"40\" maxlength=\"400\" class=\"wpcf7-form-control wpcf7-text wpcf7-validates-as-required\" aria-required=\"true\" aria-invalid=\"false\" value=\"\" type=\"text\" name=\"hird-kat\" \/><\/span><\/label>\n<\/p>\n<p><label> Hirdet\u00e9si sz\u00f6veg:<\/label><br \/>\n(Figyelem! A szolg\u00e1ltat\u00f3 fenntartja a jogot a hirdet\u00e9si sz\u00f6veg jav\u00edt\u00e1s\u00e1ra, illetve terjedelm\u00e9nek b\u0151v\u00edt\u00e9s\u00e9re, amennyiben nem elegend\u0151, vagy megfelel\u0151 a megadott sz\u00f6veg.)<br \/>\n<span class=\"wpcf7-form-control-wrap\" data-name=\"hird-szov\"><textarea cols=\"40\" rows=\"10\" maxlength=\"2000\" minlength=\"100\" class=\"wpcf7-form-control wpcf7-textarea wpcf7-validates-as-required\" aria-required=\"true\" aria-invalid=\"false\" name=\"hird-szov\"><\/textarea><\/span>\n<\/p>\n<p><label> K\u00e9pfelt\u00f6lt\u00e9s (1db max.):<\/label><br \/>\n<span class=\"wpcf7-form-control-wrap\" data-name=\"hird-kep\"><input size=\"40\" class=\"wpcf7-form-control wpcf7-file\" accept=\"image\/*\" aria-invalid=\"false\" type=\"file\" name=\"hird-kep\" \/><\/span>\n<\/p>\n<H2>Hol k\u00edv\u00e1n hirdetni?\n<\/h2>\n<H4>\u00c1rak:\n<\/h4>\n<p>Orsz\u00e1gos: 500.000 Ft\/\u00e9v (1 \u00e9vre vonatkoz\u00f3an)<br \/>\nBudapest 100.000 Ft\/\u00e9v (1 \u00e9vre vonatkoz\u00f3an)<br \/>\nV\u00e1rmegy\u00e9k: 50.000 Ft\/\u00e9v\/v\u00e1rmegye (1 \u00e9vre vonatkoz\u00f3an)<br \/>\n\u00c1ll\u00e1shirdet\u00e9s: 25.000 Ft\/db (f\u00e9l\u00e9vre vonatkoz\u00f3an)\n<\/p>\n<p style=\"color:red;\">\n\t<big><b>Kar\u00e1csonyi akci\u00f3<\/b>\n\t<\/big> keret\u00e9n bel\u00fcl\n\t<big><b>-20%<\/b>\n\t<\/big> kedvezm\u00e9ny!\n<\/p>\n<p>K\u00e9rj\u00fck v\u00e1lassza ki a megfelel\u0151t!<br \/>\n<span class=\"wpcf7-form-control-wrap\" data-name=\"hird-megyek\"><span class=\"wpcf7-form-control wpcf7-checkbox wpcf7-validates-as-required\"><span class=\"wpcf7-list-item first\"><label><input type=\"checkbox\" name=\"hird-megyek[]\" value=\"Orsz\u00e1gos (\u00f6sszes megye)\" \/><span class=\"wpcf7-list-item-label\">Orsz\u00e1gos (\u00f6sszes megye)<\/span><\/label><\/span><span class=\"wpcf7-list-item\"><label><input type=\"checkbox\" name=\"hird-megyek[]\" value=\"Budapest\" \/><span class=\"wpcf7-list-item-label\">Budapest<\/span><\/label><\/span><span class=\"wpcf7-list-item\"><label><input type=\"checkbox\" name=\"hird-megyek[]\" value=\"Pest v\u00e1rmegye-Budai oldal\" \/><span class=\"wpcf7-list-item-label\">Pest v\u00e1rmegye-Budai oldal<\/span><\/label><\/span><span class=\"wpcf7-list-item\"><label><input type=\"checkbox\" name=\"hird-megyek[]\" value=\"Pest v\u00e1rmegye-Pesti oldal\" \/><span class=\"wpcf7-list-item-label\">Pest v\u00e1rmegye-Pesti oldal<\/span><\/label><\/span><span class=\"wpcf7-list-item\"><label><input type=\"checkbox\" name=\"hird-megyek[]\" value=\"B\u00e1cs-Kiskun\" \/><span class=\"wpcf7-list-item-label\">B\u00e1cs-Kiskun<\/span><\/label><\/span><span class=\"wpcf7-list-item\"><label><input type=\"checkbox\" name=\"hird-megyek[]\" value=\"Baranya\" \/><span class=\"wpcf7-list-item-label\">Baranya<\/span><\/label><\/span><span class=\"wpcf7-list-item\"><label><input type=\"checkbox\" name=\"hird-megyek[]\" value=\"B\u00e9k\u00e9s\" \/><span class=\"wpcf7-list-item-label\">B\u00e9k\u00e9s<\/span><\/label><\/span><span class=\"wpcf7-list-item\"><label><input type=\"checkbox\" name=\"hird-megyek[]\" value=\"Borsod-Aba\u00faj-Zempl\u00e9n\" \/><span class=\"wpcf7-list-item-label\">Borsod-Aba\u00faj-Zempl\u00e9n<\/span><\/label><\/span><span class=\"wpcf7-list-item\"><label><input type=\"checkbox\" name=\"hird-megyek[]\" value=\"Csongr\u00e1d-Csan\u00e1d\" \/><span class=\"wpcf7-list-item-label\">Csongr\u00e1d-Csan\u00e1d<\/span><\/label><\/span><span class=\"wpcf7-list-item\"><label><input type=\"checkbox\" name=\"hird-megyek[]\" value=\"Fej\u00e9r\" \/><span class=\"wpcf7-list-item-label\">Fej\u00e9r<\/span><\/label><\/span><span class=\"wpcf7-list-item\"><label><input type=\"checkbox\" name=\"hird-megyek[]\" value=\"Gy\u0151r-Moson-Sopron\" \/><span class=\"wpcf7-list-item-label\">Gy\u0151r-Moson-Sopron<\/span><\/label><\/span><span class=\"wpcf7-list-item\"><label><input type=\"checkbox\" name=\"hird-megyek[]\" value=\"Hajd\u00fa-Bihar\" \/><span class=\"wpcf7-list-item-label\">Hajd\u00fa-Bihar<\/span><\/label><\/span><span class=\"wpcf7-list-item\"><label><input type=\"checkbox\" name=\"hird-megyek[]\" value=\"Heves, J\u00e1sz-Nagykun-Szolnok\" \/><span class=\"wpcf7-list-item-label\">Heves, J\u00e1sz-Nagykun-Szolnok<\/span><\/label><\/span><span class=\"wpcf7-list-item\"><label><input type=\"checkbox\" name=\"hird-megyek[]\" value=\"Kom\u00e1rom-Esztergom\" \/><span class=\"wpcf7-list-item-label\">Kom\u00e1rom-Esztergom<\/span><\/label><\/span><span class=\"wpcf7-list-item\"><label><input type=\"checkbox\" name=\"hird-megyek[]\" value=\"N\u00f3gr\u00e1d\" \/><span class=\"wpcf7-list-item-label\">N\u00f3gr\u00e1d<\/span><\/label><\/span><span class=\"wpcf7-list-item\"><label><input type=\"checkbox\" name=\"hird-megyek[]\" value=\"Somogy\" \/><span class=\"wpcf7-list-item-label\">Somogy<\/span><\/label><\/span><span class=\"wpcf7-list-item\"><label><input type=\"checkbox\" name=\"hird-megyek[]\" value=\"Szabolcs-Szatm\u00e1r-Bereg\" \/><span class=\"wpcf7-list-item-label\">Szabolcs-Szatm\u00e1r-Bereg<\/span><\/label><\/span><span class=\"wpcf7-list-item\"><label><input type=\"checkbox\" name=\"hird-megyek[]\" value=\"Tolna\" \/><span class=\"wpcf7-list-item-label\">Tolna<\/span><\/label><\/span><span class=\"wpcf7-list-item\"><label><input type=\"checkbox\" name=\"hird-megyek[]\" value=\"Vas\" \/><span class=\"wpcf7-list-item-label\">Vas<\/span><\/label><\/span><span class=\"wpcf7-list-item\"><label><input type=\"checkbox\" name=\"hird-megyek[]\" value=\"Veszpr\u00e9m\" \/><span class=\"wpcf7-list-item-label\">Veszpr\u00e9m<\/span><\/label><\/span><span class=\"wpcf7-list-item last\"><label><input type=\"checkbox\" name=\"hird-megyek[]\" value=\"Zala\" \/><span class=\"wpcf7-list-item-label\">Zala<\/span><\/label><\/span><\/span><\/span>\n<\/p>\n<H2>Kiemel\u00e9si lehet\u0151s\u00e9gek:\n<\/h2>\n<p>(1 \u00e9vre vonatkoz\u00f3an)<br \/>\nK\u00e9rj\u00fck, v\u00e1lassza ki a k\u00edv\u00e1nt opci\u00f3t!<br \/>\n<span class=\"wpcf7-form-control-wrap\" data-name=\"hird-kiem\"><span class=\"wpcf7-form-control wpcf7-checkbox\"><span class=\"wpcf7-list-item first\"><label><input type=\"checkbox\" name=\"hird-kiem[]\" value=\"Banner (200.000 Ft)\" \/><span class=\"wpcf7-list-item-label\">Banner (200.000 Ft)<\/span><\/label><\/span><span class=\"wpcf7-list-item\"><label><input type=\"checkbox\" name=\"hird-kiem[]\" value=\"Top 10 (50.000 Ft)\" \/><span class=\"wpcf7-list-item-label\">Top 10 (50.000 Ft)<\/span><\/label><\/span><span class=\"wpcf7-list-item last\"><label><input type=\"checkbox\" name=\"hird-kiem[]\" value=\"Banner + Top 10 (225.000 Ft)\" \/><span class=\"wpcf7-list-item-label\">Banner + Top 10 (225.000 Ft)<\/span><\/label><\/span><\/span><\/span>\n<\/p>\n<p><span class=\"wpcf7-form-control-wrap\" data-name=\"aszf\"><span class=\"wpcf7-form-control wpcf7-acceptance\"><span class=\"wpcf7-list-item\"><label><input type=\"checkbox\" name=\"aszf\" value=\"1\" aria-invalid=\"false\" \/><span class=\"wpcf7-list-item-label\">Elfogadom az <a href=\"https:\/\/epitoiparosok.com\/epip\/altalanos-szerzodesi-feltetelek\/\" target=\"_blank\">\u00c1ltal\u00e1nos Szerz\u0151d\u00e9si Felt\u00e9teleket<\/a>.<\/span><\/label><\/span><\/span><\/span>\n<\/p>\n<p><input class=\"wpcf7-form-control wpcf7-submit has-spinner\" type=\"submit\" value=\"K\u00fcld\u00e9s\" \/>\n<\/p><div class=\"wpcf7-response-output\" aria-hidden=\"true\"><\/div>\n<\/form>\n<\/div>\n\n\n\n\n<p><\/p>\n","protected":false},"excerpt":{"rendered":"","protected":false},"author":1,"featured_media":0,"parent":0,"menu_order":0,"comment_status":"closed","ping_status":"closed","template":"","meta":{"pagelayer_contact_templates":[],"_pagelayer_content":"","_monsterinsights_skip_tracking":false,"_monsterinsights_sitenote_active":false,"_monsterinsights_sitenote_note":"","_monsterinsights_sitenote_category":0,"footnotes":""},"class_list":["post-142","page","type-page","status-publish","hentry"],"yoast_head":"<!-- This site is optimized with the Yoast SEO plugin v26.4 - https:\/\/yoast.com\/wordpress\/plugins\/seo\/ -->\n<title>Hirdet\u00e9si adatlap - \u00c9p\u00edt\u0151iparosok<\/title>\n<meta name=\"robots\" content=\"index, follow, max-snippet:-1, max-image-preview:large, max-video-preview:-1\" \/>\n<link rel=\"canonical\" href=\"https:\/\/epitoiparosok.com\/epip\/hirdetesi-adatlap\/\" \/>\n<meta property=\"og:locale\" content=\"en_US\" \/>\n<meta property=\"og:type\" content=\"article\" \/>\n<meta property=\"og:title\" content=\"Hirdet\u00e9si adatlap - \u00c9p\u00edt\u0151iparosok\" \/>\n<meta property=\"og:url\" content=\"https:\/\/epitoiparosok.com\/epip\/hirdetesi-adatlap\/\" \/>\n<meta property=\"og:site_name\" content=\"\u00c9p\u00edt\u0151iparosok\" \/>\n<meta property=\"article:modified_time\" content=\"2025-12-01T09:40:36+00:00\" \/>\n<meta name=\"twitter:card\" content=\"summary_large_image\" \/>\n<meta name=\"twitter:label1\" content=\"Est. reading time\" \/>\n\t<meta name=\"twitter:data1\" content=\"1 minute\" \/>\n<script type=\"application\/ld+json\" class=\"yoast-schema-graph\">{\"@context\":\"https:\/\/schema.org\",\"@graph\":[{\"@type\":\"WebPage\",\"@id\":\"https:\/\/epitoiparosok.com\/epip\/hirdetesi-adatlap\/\",\"url\":\"https:\/\/epitoiparosok.com\/epip\/hirdetesi-adatlap\/\",\"name\":\"Hirdet\u00e9si adatlap - \u00c9p\u00edt\u0151iparosok\",\"isPartOf\":{\"@id\":\"https:\/\/epitoiparosok.com\/epip\/#website\"},\"datePublished\":\"2025-11-29T11:30:23+00:00\",\"dateModified\":\"2025-12-01T09:40:36+00:00\",\"breadcrumb\":{\"@id\":\"https:\/\/epitoiparosok.com\/epip\/hirdetesi-adatlap\/#breadcrumb\"},\"inLanguage\":\"en-US\",\"potentialAction\":[{\"@type\":\"ReadAction\",\"target\":[\"https:\/\/epitoiparosok.com\/epip\/hirdetesi-adatlap\/\"]}]},{\"@type\":\"BreadcrumbList\",\"@id\":\"https:\/\/epitoiparosok.com\/epip\/hirdetesi-adatlap\/#breadcrumb\",\"itemListElement\":[{\"@type\":\"ListItem\",\"position\":1,\"name\":\"Home\",\"item\":\"https:\/\/epitoiparosok.com\/epip\/\"},{\"@type\":\"ListItem\",\"position\":2,\"name\":\"Hirdet\u00e9si adatlap\"}]},{\"@type\":\"WebSite\",\"@id\":\"https:\/\/epitoiparosok.com\/epip\/#website\",\"url\":\"https:\/\/epitoiparosok.com\/epip\/\",\"name\":\"\u00c9p\u00edt\u0151iparosok\",\"description\":\"\",\"potentialAction\":[{\"@type\":\"SearchAction\",\"target\":{\"@type\":\"EntryPoint\",\"urlTemplate\":\"https:\/\/epitoiparosok.com\/epip\/?s={search_term_string}\"},\"query-input\":{\"@type\":\"PropertyValueSpecification\",\"valueRequired\":true,\"valueName\":\"search_term_string\"}}],\"inLanguage\":\"en-US\"}]}<\/script>\n<!-- \/ Yoast SEO plugin. -->","yoast_head_json":{"title":"Hirdet\u00e9si adatlap - \u00c9p\u00edt\u0151iparosok","robots":{"index":"index","follow":"follow","max-snippet":"max-snippet:-1","max-image-preview":"max-image-preview:large","max-video-preview":"max-video-preview:-1"},"canonical":"https:\/\/epitoiparosok.com\/epip\/hirdetesi-adatlap\/","og_locale":"en_US","og_type":"article","og_title":"Hirdet\u00e9si adatlap - \u00c9p\u00edt\u0151iparosok","og_url":"https:\/\/epitoiparosok.com\/epip\/hirdetesi-adatlap\/","og_site_name":"\u00c9p\u00edt\u0151iparosok","article_modified_time":"2025-12-01T09:40:36+00:00","twitter_card":"summary_large_image","twitter_misc":{"Est. reading time":"1 minute"},"schema":{"@context":"https:\/\/schema.org","@graph":[{"@type":"WebPage","@id":"https:\/\/epitoiparosok.com\/epip\/hirdetesi-adatlap\/","url":"https:\/\/epitoiparosok.com\/epip\/hirdetesi-adatlap\/","name":"Hirdet\u00e9si adatlap - \u00c9p\u00edt\u0151iparosok","isPartOf":{"@id":"https:\/\/epitoiparosok.com\/epip\/#website"},"datePublished":"2025-11-29T11:30:23+00:00","dateModified":"2025-12-01T09:40:36+00:00","breadcrumb":{"@id":"https:\/\/epitoiparosok.com\/epip\/hirdetesi-adatlap\/#breadcrumb"},"inLanguage":"en-US","potentialAction":[{"@type":"ReadAction","target":["https:\/\/epitoiparosok.com\/epip\/hirdetesi-adatlap\/"]}]},{"@type":"BreadcrumbList","@id":"https:\/\/epitoiparosok.com\/epip\/hirdetesi-adatlap\/#breadcrumb","itemListElement":[{"@type":"ListItem","position":1,"name":"Home","item":"https:\/\/epitoiparosok.com\/epip\/"},{"@type":"ListItem","position":2,"name":"Hirdet\u00e9si adatlap"}]},{"@type":"WebSite","@id":"https:\/\/epitoiparosok.com\/epip\/#website","url":"https:\/\/epitoiparosok.com\/epip\/","name":"\u00c9p\u00edt\u0151iparosok","description":"","potentialAction":[{"@type":"SearchAction","target":{"@type":"EntryPoint","urlTemplate":"https:\/\/epitoiparosok.com\/epip\/?s={search_term_string}"},"query-input":{"@type":"PropertyValueSpecification","valueRequired":true,"valueName":"search_term_string"}}],"inLanguage":"en-US"}]}},"_links":{"self":[{"href":"https:\/\/epitoiparosok.com\/epip\/wp-json\/wp\/v2\/pages\/142","targetHints":{"allow":["GET"]}}],"collection":[{"href":"https:\/\/epitoiparosok.com\/epip\/wp-json\/wp\/v2\/pages"}],"about":[{"href":"https:\/\/epitoiparosok.com\/epip\/wp-json\/wp\/v2\/types\/page"}],"author":[{"embeddable":true,"href":"https:\/\/epitoiparosok.com\/epip\/wp-json\/wp\/v2\/users\/1"}],"replies":[{"embeddable":true,"href":"https:\/\/epitoiparosok.com\/epip\/wp-json\/wp\/v2\/comments?post=142"}],"version-history":[{"count":16,"href":"https:\/\/epitoiparosok.com\/epip\/wp-json\/wp\/v2\/pages\/142\/revisions"}],"predecessor-version":[{"id":182,"href":"https:\/\/epitoiparosok.com\/epip\/wp-json\/wp\/v2\/pages\/142\/revisions\/182"}],"wp:attachment":[{"href":"https:\/\/epitoiparosok.com\/epip\/wp-json\/wp\/v2\/media?parent=142"}],"curies":[{"name":"wp","href":"https:\/\/api.w.org\/{rel}","templated":true}]}}